ors of 472324?
2, 118081
What are the prime factors of 20712451?
19, 1090129
What are the prime factors of 140121?
3, 15569
List the prime factors of 1761030.
2, 3, 5, 17, 1151
List the prime factors of 236819.
11, 21529
List the prime factors of 271361.
89, 3049
What are the prime factors of 2599835?
5, 7, 59, 1259
List the prime factors of 38900.
2, 5, 389
What are the prime factors of 1649515?
5, 7, 47129
List the prime factors of 5167984.
2, 322999
List the prime factors of 1681845.
3, 5, 11, 10193
What are the prime factors of 379431?
3, 13, 23, 47
What are the prime factors of 3748716?
2, 3, 101, 1031
List the prime factors of 16722012.
2, 3, 23, 43, 1409
What are the prime factors of 1765730?
2, 5, 176573
List the prime factors of 219653.
7, 31379
List the prime factors of 1393654.
2, 696827
List the prime factors of 481341.
3, 7, 22921
List the prime factors of 727561.
727561
List the prime factors of 3683065.
5, 131, 5623
What are the prime factors of 5300170?
2, 5, 530017
What are the prime factors of 36478?
2, 13, 23, 61
What are the prime factors of 1364527?
31, 44017
What are the prime factors of 494700?
2, 3, 5, 17, 97
List the prime factors of 230579.
29, 7951
What are the prime factors of 562907?
131, 4297
What are the prime factors of 643267?
67, 9601
List the prime factors of 237711.
3, 17, 59, 79
List the prime factors of 368620.
2, 5, 7, 2633
List the prime factors of 578934.
2, 3, 71, 151
What are the prime factors of 2131180?
2, 5, 23, 41, 113
List the prime factors of 2866292.
2, 11, 13, 5011
List the prime factors of 1686375.
3, 5, 1499
List the prime factors of 408453.
3, 173, 787
List the prime factors of 604621.
29, 20849
List the prime factors of 6636505.
5, 29, 37, 1237
What are the prime factors of 1692643?
29, 58367
List the prime factors of 1045072.
2, 7, 31, 43
What are the prime factors of 200014?
2, 97, 1031
List the prime factors of 33219.
3, 3691
What are the prime factors of 467424?
2, 3, 541
What are the prime factors of 12326637?
3, 1163, 3533
List the prime factors of 269692.
2, 191, 353
What are the prime factors of 1304185?
5, 109, 2393
List the prime factors of 1241065.
5, 7, 59, 601
What are the prime factors of 62326?
2, 11, 2833
What are the prime factors of 333351?
3, 37039
List the prime factors of 180366.
2, 3, 23, 1307
What are the prime factors of 23029376?
2, 179917
List the prime factors of 6925146.
2, 3, 41, 28151
List the prime factors of 243512.
2, 61, 499
What are the prime factors of 12084779?
7, 19, 90863
List the prime factors of 11465125.
5, 7, 13103
What are the prime factors of 18062485?
5, 7, 113, 4567
List the prime factors of 1777155.
3, 5, 257, 461
List the prime factors of 778675.
5, 31147
List the prime factors of 188578.
2, 13, 7253
What are the prime factors of 1062250?
2, 5, 7, 607
List the prime factors of 9695778.
2, 3, 1615963
List the prime factors of 256959.
3, 31, 307
What are the prime factors of 61616?
2, 3851
What are the prime factors of 1611223?
1611223
What are the prime factors of 509271?
3, 7, 24251
What are the prime factors of 5561216?
2, 23, 1889
What are the prime factors of 1321806?
2, 3, 220301
List the prime factors of 167960.
2, 5, 13, 17, 19
What are the prime factors of 905689?
97, 9337
What are the prime factors of 9293615?
5, 157, 11839
List the prime factors of 762913.
762913
What are the prime factors of 538068?
2, 3, 44839
What are the prime factors of 1277899?
7, 311, 587
What are the prime factors of 4750350?
2, 3, 5, 11, 2879
List the prime factors of 22.
2, 11
What are the prime factors of 110340?
2, 3, 5, 613
List the prime factors of 17529064.
2, 7, 97, 461
List the prime factors of 10012184.
2, 7, 13, 17, 809
List the prime factors of 149985.
3, 5, 11, 101
List the prime factors of 25322776.
2, 569, 5563
List the prime factors of 2266854.
2, 3, 377809
List the prime factors of 241279.
89, 2711
What are the prime factors of 1794515?
5, 358903
What are the prime factors of 27573504?
2, 3, 7, 23, 223
List the prime factors of 71012.
2, 41, 433
What are the prime factors of 400169?
7, 11, 5197
What are the prime factors of 538259?
538259
List the prime factors of 213104.
2, 19, 701
What are the prime factors of 264321?
3, 43, 683
What are the prime factors of 1568562?
2, 3, 261427
What are the prime factors of 288549?
3, 10687
List the prime factors of 2445287.
13, 79, 2381
List the prime factors of 2728776.
2, 3, 67, 1697
List the prime factors of 1028405.
5, 7, 29383
List the prime factors of 165852.
2, 3, 17, 271
What are the prime factors of 747028?
2, 186757
What are the prime factors of 42971?
97, 443
List the prime factors of 826168.
2, 7, 14753
List the prime factors of 404718.
2, 3, 67453
What are the prime factors of 11640347?
11640347
What are the prime factors of 8227826?
2, 53, 77621
List the prime factors of 323863.
23, 14081
List the prime factors of 7836246.
2, 3, 11, 19, 2083
What are the prime factors of 2213350?
2, 5, 44267
List the prime factors of 629370.
2, 3, 5, 7, 37
List the prime factors of 1006039.
29, 113, 307
What are the prime factors of 233688?
2, 3, 7, 13, 107
List the prime factors of 51452.
2, 19, 677
List the prime factors of 1667208.
2, 3, 69467
What are the prime factors of 7901935?
5, 1580387
List the prime factors of 163101.
3, 54367
What are the prime factors of 63436?
2, 15859
What are the prime factors of 1018519?
937, 1087
What are the prime factors of 202100?
2, 5, 43, 47
What are the prime factors of 273948?
2, 3, 37, 617
What are the prime factors of 56945?
5, 7, 1627
List the prime factors of 28346299.
1657, 17107
What are the prime factors of 110813?
110813
List the prime factors of 640030.
2, 5, 29, 2207
List the prime factors of 27050856.
2, 3, 7, 161017
What are the prime factors of 212851?
212851
What are the prime factors of 3206422?
2, 467, 3433
What are the prime factors of 1026080?
2, 5, 11, 53
What are the prime factors of 5310134?
2, 257, 10331
What are the prime factors of 13884891?
3, 4628297
List the prime factors of 240678.
2, 3, 4457
List the prime factors of 876118.
2, 103, 4253
List the prime factors of 641503.
47, 13649
List the prime factors of 766901.
766901
What are the prime factors of 33082157?
33082157
List the prime factors of 23557183.
13, 1812091
What are the prime factors of 10651375?
5, 7, 37, 47
What are the prime factors of 110360?
2, 5, 31, 89
What are the prime factors of 8718609?
3, 41, 73, 971
List the prime factors of 178197.
3, 59399
What are the prime factors of 4062041?
107, 37963
What are the prime factors of 29395?
5, 5879
List the prime factors of 54689.
17, 3217
What are the prime factors of 3702756?
2, 3, 89, 3467
What are the prime factors of 575950?
2, 5, 11519
What are the prime factors of 799518?
2, 3, 133253
List the prime factors of 2265129.
3, 109, 2309
List the prime factors of 517889.
37, 13997
List the prime factors of 53175.
3, 5, 709
What are the prime factors of 1739183?
113, 15391
List the prime factors of 102969.
3, 17, 673
List the prime factors of 258912.
2, 3, 29, 31
List the prime factors of 26212.
2, 6553
What are the prime factors of 2545080?
2, 3, 5, 127, 167
List the prime factors of 295578.
2, 3, 16421
What are the prime factors of 1368412?
2, 157, 2179
List the prime factors of 2319179.
2319179
What are the prime factors of 412742?
2, 11, 73, 257
What are the prime factors of 9259064?
2, 23, 50321
List the prime factors of 10988815.
5, 37, 59399
What are the prime factors of 96386?
2, 48193
What are the prime factors of 161688?
2, 3, 6737
What are the prime factors of 14236790?
2, 5, 61, 23339
What are the prime factors of 1401208?
2, 17, 10303
List the prime factors of 53889.
3, 11, 23, 71
What are the prime factors of 1912415?
5, 17, 149, 151
List the prime factors of 61567.
11, 29, 193
What are the prime factors of 12496912?
2, 23, 29, 1171
List the prime factors of 1835197.
7, 13, 43, 67
List the prime factors of 56243.
11, 5113
What are the prime factors of 10841155?
5, 13, 17, 9811
What are the prime factors of 12065685?
3, 5, 23, 41, 853
What are the prime factors of 119463?
3, 39821
List the prime factors of 114187.
89, 1283
What are the prime factors of 469799?
11, 42709
What are the prime factors of 1992077?
17